 3*m**2 - 2. Let i(k) = k**2 - 5. Let s be i(3). Suppose 2*j = 5*z - 1, -2*z + z = j + s. What is y(j)?
-2
Let c be ((-4)/(-30)*6)/(7/35). Let p be 338/(-52)*c/(-26). Let v(n) = 12*n + 2. What is v(p)?
14
Let j(o) = -5*o - 14. Let b be j(-4). Let y(n) = -2*n + 7. Let g(d) = 3*d + 1. Let w(z) = -g(z) + y(z). Give w(b).
-24
Suppose 0 = -3*h + s - 7, -30*s + 31*s + 1 = h. Let a(p) = -p - 1. Let n = -5 + 4. Let t(k) = -4*k - 1. Let b(m) = n*t(m) + 6*a(m). Determine b(h).
3
Let b(i) = -1009*i - 3023. Let u be b(-3). Let f(g) be the third derivative of 0*g - 1/6*g**3 + 0 + 12*g**2 - 1/24*g**u. Determine f(0).
-1
Let d be 1/(-2) + 87/(-2). Suppose 214 + 41 = -5*t. Let i = t - d. Let m(o) = -o**3 - 8*o**2 - 6*o. What is m(i)?
-7
Suppose 2*z + 3 = 3*z. Suppose -4*c - o + 0*o = 9, 5*o = -z*c - 28. Let k(x) be the second derivative of 10*x**3/3 + x**2/2 + 142*x. What is k(c)?
-19
Let v = -12448 - -12472. Let h(b) = b**2 - 28*b + 47. Determine h(v).
-49
Let m(z) be the second derivative of 0 + 1/2*z**3 - 5*z - 1/6*z**4 - 17*z**2. Let q(r) be the first derivative of m(r). Calculate q(-3).
15
Let l(w) be the second derivative of 1 + 1/6*w**3 - 33*w + 1/2*w**2. What is l(-12)?
-11
Suppose b - 2*b = 2*z - 32, -4*b - 3*z = -118. Suppose 14 = -6*p - b. Let c(f) = -5*f**2 - f**3 + 0*f**2 - f**2 + 9*f + 13 - 3. Determine c(p).
-4
Let y(o) = o**3 + 21*o**2 - o - 23. Let t = 4191 + -4212. Determine y(t).
-2
Let g(p) be the second derivative of -p**4 + 5*p**3/3 + 4*p**2 + 2*p + 37. Let r(i) = 5*i**2 - 5*i - 4. Let l(b) = 2*g(b) + 5*r(b). Calculate l(6).
2
Let s(x) = 3*x**2 + 2*x. Let f = -65 + 167. Suppose t = 18*t + f. Let l be 8/t*21/14. What is s(l)?
8
Suppose -15 = h - 5*p, 4*h + 3*p - 34 = -94. Let d(v) = v**3 + 14*v**2 - 12*v + 17. What is d(h)?
-28
Suppose 14 = 9*j - 4. Let s(w) = -178 - 178 + 357 + 4*w**j - 14*w**2. Calculate s(-1).
-9
Let s = 7 + -6. Let b(y) be the second derivative of -13*y**4/12 + y**3/2 - y**2/2 + 5049*y. Calculate b(s).
-11
Let m(g) be the first derivative of -g**3/3 + 9*g**2/2 - 23*g - 577. Calculate m(7).
-9
Let m(y) = -6*y**3 - 3*y**2 - 12*y + 57. Let o(a) = -13*a**3 - 7*a**2 - 26*a + 122. Let x(t) = 15*m(t) - 7*o(t). What is x(-3)?
4
Let t = -5 - -7. Suppose 48 + 22 = 35*n. Let y(g) = 9*g - 2 + 3*g**n - t*g**2 - 10*g. Give y(5).
18
Let p(j) = -j**3 + 7. Suppose -5*t - o + 2881 = 0, -1162 = 10*t - 12*t + 2*o. Let f = t + -577. What is p(f)?
7
Let z(h) = -3*h + 3. Suppose 4*y + 2 = 3*o, y = -2*y - 6. Let f(b) = -4. Let m(x) = o*f(x) - 3*z(x). What is m(1)?
8
Let s(t) = t**2 + 7*t + 3. Let r(v) = -1. Let l(w) = -5*r(w) + s(w). Let n be (-2)/(7/8 - 1). Suppose 4*k + n = -4*j, -5*k - 2 = 2*j - 0. Calculate l(j).
2
Let x(r) = r**2 - 4*r - 1. Let z = -21 + 106. Let o = -67 + z. Suppose o = -6*i + 42. Calculate x(i).
-1
Let a be 48/(-60)*-30*1/(-4). Let t(b) = 5*b - 3. Let x(g) = 4*g - 4. Let q(h) = a*x(h) + 5*t(h). Calculate q(0).
9
Let o(s) = s**2 - 11*s + 8. Let h be o(11). Suppose -6 = -14*l + h. Let q(k) = -12*k**2 - 2*k + 1. Calculate q(l).
-13
Let a(d) = 8*d**2 + 14*d - 16. Let j(f) = -3*f**2 - 5*f + 5. Let n(p) = 4*a(p) + 11*j(p). Let y be 0*(11/(-22) + 1). What is n(y)?
-9
Let y(w) be the first derivative of 1/2*w**2 + 2*w - 17. Determine y(5).
7
Let n = -2937/2 - -1469. Let s(r) be the first derivative of -9 + 1/3*r**3 + 0*r - 1/4*r**4 + n*r**2. Determine s(-2).
10
Let r be 3 + -4 + 1 - -6. Let p(z) = 5*z**2 - z - 7. Let g(m) = 4*m**2 - 2*m - 7. Let i(f) = 4*g(f) - 3*p(f). Give i(r).
-1
Let d = 11 - 0. Suppose 4 + d = 3*c. Suppose -5*t = -4*f - 4 - 1, 4*f = -c*t + 45. Let n(j) = -j + 8. Determine n(f).
3
Suppose 474 = -134*w - 430 - 168. Let y(f) be the first derivative of 5*f**2/2 + 10*f - 1. Give y(w).
-30
Let t = 530 + -533. Let d(u) = -3*u**3 - u**2 - 12. Let i(o) = -2*o**3 - o**2 - 8. Let m(c) = -5*d(c) + 8*i(c). What is m(t)?
-4
Let x(k) = -k**2 + 8*k - 7. Let j(q) = 20*q - 102. Let s be j(6). Suppose 0 = 63*t - 66*t + s. What is x(t)?
5
Let f(s) = -2*s**3 + s**2 + 2*s + 1. Suppose -84 = -4*b - 3*g, -4*b - b + 74 = -4*g. Suppose 3*o - b = -3. Let q be (-16 + 11)*(-2)/o. Determine f(q).
-7
Let x(j) = 2*j**3 - j**2 + 12*j. Let w be (6 - -1) + -19 + (-8 - -23). Give x(w).
81
Let a be 2/(-6)*(-25 + 13). Suppose a*n + 3*x = 11, -3*n + 0*n - 3*x = -6. Let u(h) = -2 + 3 + 19*h - 18*h - n. Calculate u(6).
2
Suppose 16*n - 13*n + 6 = -3*w, 5*w = -2*n + 8. Let t(r) = 2*r**2 - 8*r + 5. What is t(w)?
5
Suppose -3*u - 4*s = 48, 4*s = -52 + 28. Let g(n) = -4*n - 43. Determine g(u).
-11
Let i(b) = -b - 1. Let w(r) = r**3 - 5*r**2 - 6*r - 9. Let p(n) = 6*i(n) - w(n). Suppose -4*a + 316245 - 316233 = 0. Give p(a).
21
Let d = -910 - -922. Let p(m) = -11*m + 139. Let v be p(d). Let g(n) = -n**3 + 8*n**2 - 4*n - 8. What is g(v)?
13
Let i(w) = -w**3 - 7*w**2 + 7. Let z(c) = -7*c**3 - 2*c**2 - 4*c - 6. Let q be z(-2). Suppose 0 = -10*r + q. Suppose -1 = 3*h + 4*x, 0*x - r = -x. Give i(h).
7
Let k(w) = -4*w - 1. Let a be (3 + -4)/(1 - 16/15). Let u be (12/a)/(13/((-130)/4)). Determine k(u).
7
Let s(z) = z + 2. Let c(o) = 1. Let v(l) = 3*c(l) - s(l). Suppose -44*y = -46*y + 32. Suppose -3*p + 4*x + y = 0, -4*p + 13*x - 9*x + 20 = 0. What is v(p)?
-3
Suppose -m + 990 = 2*m - 3*d, -656 = -2*m - 2*d. Let b(y) = -5*y + 168 - m + 170. Give b(7).
-26
Let d(w) be the second derivative of -w**5/10 - w**4/4 - w**3/6 - 5*w**2/2 - 24*w. Let u be d(-2). Let z(y) = 12*y + 5*y - u - 15*y. Determine z(2).
3
Let v(t) be the first derivative of 9*t**2/2 + 80*t - 1144. Give v(-10).
-10
Let m = 69 + -61. Suppose -51 = -9*i - m*i. Let b(z) = -z**2 + 3*z - 1. What is b(i)?
-1
Let r be 5/910*14 - (-53)/(-13). Suppose 2*q + 5*k = 4, -k = 3*q + 3*k - 6. Let h(b) = 0*b + b - 2 - 4 + q. Give h(r).
-8
Let y(p) be the first derivative of -4*p**2 + 1/3*p**3 + 57 - 7*p. Let d be 2/6 + (-51)/(-9). Determine y(d).
-19
Let l(u) = 5*u + 38. Let k(n) = 4*n + 33. Let f(x) = -6*k(x) + 5*l(x). What is f(-9)?
-17
Suppose 20*s - 26156 = -26756. Let t(k) = -k**3 - 29*k**2 + 29*k - 11. Determine t(s).
19
Let g(p) be the first derivative of -p**3/3 + 4*p**2 - p - 1. Suppose -2432 = -6*u - 314. Let b = 359 - u. Calculate g(b).
11
Suppose -11*s + 104 = -391. Suppose 2*x - s = -4*p + 7*x, -3*p + 5*x = -40. Let n(c) be the third derivative of c**5/60 - c**4/6 + c**3 - c**2. Give n(p).
11
Let t(b) = 23*b**2 + 13*b - 6. Let i(d) = 10*d**2 + 6*d - 2. Let q(y) = 7*i(y) - 3*t(y). Give q(-5).
14
Let y(t) = -64*t**2 - 11*t + 12. Let m(v) = -31*v**2 - 5*v + 5. Let u(i) = 9*m(i) - 4*y(i). Calculate u(-2).
-93
Let l(k) = -k + 11. Let s = -276 - -417. Let a = s + -137. Suppose -a*j - 3*i + 12 = -2, -i + 18 = 4*j. Calculate l(j).
6
Let f = -3 - -2. Let k(c) be the first derivative of 29*c**3/3 + c**2/2 + 24932. Give k(f).
28
Suppose 5 - 34 = 41*p + 94. Let i(n) = n**3 + n**2 - 7*n + 3. Determine i(p).
6
Let a(n) = -135 + 270*n + 106*n - 506*n + 114*n. Determine a(-5).
-55
Let z be (4*(-35)/30)/((-8)/(-12)). Let w(h) = -h**3 - 3*h**2 + 27*h + 2. What is w(z)?
9
Let b(y) = y**3 - 9*y**2 + 4*y - 10. Suppose 0 = p + 5, -4*a = -7*a - p + 4. Suppose -n + 4*h = -a*n + 34, -2*h + 35 = 3*n. Give b(n).
26
Let o(w) = -w**3 + 11*w**2 + 13*w + 13. Let j be 2*7 - (13 - 0 - 77/7). Calculate o(j).
25
Let d be (-14)/2*(-13 + 255/21). Suppose -k + 4*c + 8 = 0, -4*c + 2*c - 32 = -4*k. Let h(z) = k*z - 3*z - z**2 + 6 - 3. Determine h(d).
-3
Let g(q) be the first derivative of q**3/3 - 5*q**2/2 - 18*q - 1093. Give g(6).
-12
Suppose d + 15 = 17. Let f(y) be the second derivative of y**5/20 - y**4/6 + y**3/3 + y**2/2 - 368*y. Calculate f(d).
5
Suppose b + y - 15 = -3*y, -5*y + 3 = -b. Let k(p) = -b - 214*p + 434*p - 221*p. Calculate k(-9).
2
Let l(y) = 8*y**2 + 25*y - 11. Let k(w) = 9*w**2 + 25*w - 13. Let d(v) = -9*k(v) + 10*l(v). Calculate d(25).
7
Let d(m) be the third derivative of -m**4/8 - 7*m**3/6 + 2*m**2 - 1981. Give d(-6).
11
Let c(w) be the second derivative of -w**5/20 - w**4/12 + 4*w**3/3 - w**2 + 1247*w. Give c(-4).
14
Let s(b) be the first derivative of 91 - 1/3*b**3 + 16*b - 11/2*b**2. What is s(-13)?
-10
Suppose -68 - 44 = 5*s + 3*k, -2*s + 3*k - 7 = 0. Let q(b) = -3*b - 29. Calculate q(s).
22
Suppose -121*f = -107*f - 196. Let x = 21 - 8. Let i = f - x. Let a(m) = -4*m**2 + 1. Calculate a(i).
-3
Suppose c